 3*c + 2085 = 0, q + 4*c + 971 - 261 = 0. Let u = -199 - q. Is u a prime number?
True
Let d(b) = -250*b + 9. Let i(r) = 250*r - 9. Let n(p) = 4*d(p) + 3*i(p). Is n(-5) a composite number?
False
Let j(z) = 52*z**2 - 4*z + 8. Let m be j(3). Suppose 0 = 5*r + b - 592, -m = -4*r + b - 5*b. Is r prime?
False
Suppose 3*b - 5*b = 3*t - 59925, -39943 = -2*t + b. Is t prime?
True
Let q be 1 + (1 - (3 + -7)). Is ((-3)/q)/((-4)/3832) a composite number?
False
Let h(v) be the third derivative of v**6/120 + 3*v**5/40 + 5*v**4/24 + 4*v**2. Let p(f) be the second derivative of h(f). Is p(14) composite?
True
Suppose -3*w + 1183 = 4*a - 2*a, 2*a = 2*w + 1198. Suppose -2*x - 3*x = 4*i - a, 3*x = 0. Is i a prime number?
True
Suppose -5*a + 5681 = -u, -5*a - 4*u - u + 5705 = 0. Is a a prime number?
False
Suppose -6*t + 2 = -4*t. Suppose 2*v = -t + 9. Suppose v*r - 116 = -40. Is r a prime number?
True
Let u = 17 - 15. Suppose u*d - 884 = 4*d. Let c = -189 - d. Is c a composite number?
True
Suppose -548*f = -538*f - 365910. Is f a prime number?
False
Let b(o) = 4*o**2 - o - o**2 - 2*o**2 - 3 + 4. Let v(y) = 3*y**2 - 8*y + 17. Let h(g) = 6*b(g) - v(g). Is h(-10) a composite number?
False
Let a = -8 + -94. Let b = 60 + a. Let h = b - -73. Is h a composite number?
False
Let i = 247 - 156. Let w be (-4)/(-6) - i/(-39). Suppose w*z = -2*z + 835. Is z composite?
False
Let h = 891 - -400. Is h composite?
False
Let h(n) = -n**3 - 3*n**2 + 2*n + 105217. Is h(0) a prime number?
False
Let k be (-5989)/(-4) + 22/(-88). Suppose 0 = -2*r - 151 + k. Is r a composite number?
False
Is (-309946)/(-98) - (-8)/28 a prime number?
True
Suppose -10*g = -8*g - 2380. Let s = g - 756. Let b = s + -307. Is b composite?
False
Let h(k) = -12*k**2 - k - 2. Let i(s) = s**3 - 8*s**2 - 9*s + 3. Let r be i(9). Let l be h(r). Let a = l + 316. Is a a prime number?
False
Let k = -68 - -86. Let m = 7 + 3. Is m/45 + 662/k a composite number?
False
Let n(q) = 76*q**2 - 7. Let m(z) = -z**2 - z. Let g(r) = -5*m(r) + n(r). Is g(3) a prime number?
False
Suppose 0*o = -3*o - s + 10836, -2*s = 6. Is o a prime number?
True
Suppose 88391 + 59379 = 35*d. Is d a prime number?
False
Let c(v) = -15*v**3 - 2*v**2 - 7*v + 9. Is c(-10) a composite number?
False
Let x = -4678 + 8511. Is x prime?
True
Let p = 3 + 1. Suppose -p*j - t + 270 = 0, -5*j + 247 = 4*t - 96. Is j composite?
False
Let t(s) = 68*s**2 + s - 24. Let l be t(-5). Suppose 5*h - 11176 + l = 0. Is h composite?
False
Suppose -r + 4*r - 472 = -2*s, -r - s + 157 = 0. Is r composite?
True
Let k(y) be the second derivative of y**5/8 + y**4/6 + y**3/3 + 4*y. Let j(n) be the second derivative of k(n). Is j(3) a composite number?
True
Let p = 118 - 117. Is p/((53475/(-17826) + 3)*2) composite?
False
Let b = -15468 + 21991. Is b prime?
False
Suppose 7*o = 3*o - 17408. Let a be o/(-12) - 1/(-3). Let t = a - -34. Is t composite?
False
Is 13329/(-12)*280/(-30) prime?
False
Let f be (0 - (-3 + -1)) + -2. Suppose 0 = 5*i + 15, -f*k + 4*k - 2*i = 940. Is k prime?
True
Let r be (-4)/10 + (-66)/(-15). Suppose r*o - 1945 = -o. Is o composite?
False
Suppose 0 = -69*l + 56*l + 641615. Is l a prime number?
False
Let s = -8 + 11. Suppose -s*v = -y + 961, y = -v + 187 + 790. Is y composite?
True
Suppose -39*w + 50*w = 7282. Is w a composite number?
True
Let m = 19174 - 10425. Is m composite?
True
Suppose 3*v - 3*m - 3 - 3 = 0, -2*v - 3*m + 14 = 0. Suppose -1123 = -3*s + v*q, -s + 751 = s - 5*q. Is s a composite number?
False
Suppose -u = -3*u + 8. Suppose 571 + 2505 = u*i. Is i composite?
False
Let b(s) = 32*s**2 + 17*s**2 - s - 10*s**2 + 8*s. Let l be b(4). Suppose 4*w + 144 - l = 0. Is w a prime number?
True
Suppose m + 2 = -y - 5, -m + 2*y = -5. Let q = m - -5. Suppose -w - 46 = -q*w. Is w a prime number?
False
Let u(r) = -3*r**3 - 8*r**2 + 21*r + 91. Is u(-9) composite?
True
Suppose 0 = k + 9*k - 13000. Suppose 2*s = 4*a - k, 2*a - 335 = a - 2*s. Is a prime?
False
Let a be (4 - 40/5)/(-2). Suppose 6*f = a*f + 2084. Is f a prime number?
True
Suppose 108 = 3*w - 7*w. Let i be (-4)/18 + 48/w. Let a(l) = 40*l**2 + 1. Is a(i) prime?
False
Suppose -2 = 21*l - 20*l. Let i be ((-10)/(-15))/(l/24). Let p(t) = -2*t**3 - 7*t**2 + 11*t - 1. Is p(i) composite?
False
Let m = -577 - -5934. Is m a composite number?
True
Let k = 394 - -261. Is k a composite number?
True
Let x = 20 - 14. Suppose 5*h - 7*h + 8 = 0. Is x/((-48)/(-70))*h composite?
True
Suppose -468*i - 506 = -470*i. Is i composite?
True
Suppose 2*k + 3*y - 7*y = 0, -k - 3*y - 5 = 0. Is (-980 - 0)/k + -1 composite?
True
Let b = 111 - -280. Is b composite?
True
Let n = 3 + 1. Suppose n*s = 3*s - 213. Is (s/6 + 2)*-2 a composite number?
False
Let j(z) = 5*z + 3*z - 8*z + 7 + 9*z**2. Suppose 0*o + 2*o - 22 = 2*l, 3*l - 9 = -4*o. Is j(o) prime?
True
Let x(a) = -3*a - 9. Let s be x(-3). Let z(h) = 3*h + 493. Is z(s) a prime number?
False
Suppose -4*w + 15 = 2*j + 9, -2*w + 4 = 0. Is j*(-2)/(-4)*(-397 + -25) prime?
True
Suppose 0 = -5*b, b = 3*s - b - 18. Let o(t) = -t**2 + 8*t - 8. Let f be o(s). Is 12/f + -1 - -156 composite?
True
Let k be -9*(-3)/3 + -3. Suppose 0 = -k*i + i + 10. Is 0/i + 1 - -640 a prime number?
True
Suppose 0 = -4*f + 4099 + 41. Suppose -x + 301 = y, -476 = -5*x + y + f. Suppose 0 = 4*p - 294 - x. Is p prime?
True
Let a = 13780 - 4683. Is a a composite number?
True
Suppose 9 = -7*s + 10*s. Suppose w = -s*w + 844. Is w a prime number?
True
Suppose 0 = -11*t + 28013 + 7066. Is t a composite number?
True
Let k(s) = s**2 + 17*s - 7. Is k(-23) composite?
False
Is 5/10 - (-35828)/8 a composite number?
True
Let o(t) = -35*t + 3. Let i(q) be the second derivative of q**2/2 - 9*q. Let m(n) = 6*i(n) + o(n). Is m(-6) a prime number?
False
Let u(o) = 1 - 4 + 2 - 18*o - 5*o. Let d(p) = 1. Let c(k) = -2*d(k) + u(k). Is c(-4) a prime number?
True
Suppose -2*z + 166 = 3*z - 3*d, 4*d = -2*z + 82. Is (-8)/10 + 6433/z a composite number?
True
Let j = 1468 - 787. Is j a prime number?
False
Let y(z) = 50*z**2 + 11*z + 103. Is y(20) a prime number?
True
Let u be (-28)/(-98) + (-682)/(-14). Let y(s) = -s**3 + s**2 + 4. Let h be y(3). Let d = h + u. Is d a prime number?
False
Let o(n) = 65*n**2 + 18*n + 220. Is o(-9) a composite number?
False
Is -4*5/20*-843 a prime number?
False
Let a = -128 - -123. Is (-1265 + 6)*5/a a prime number?
True
Let o(b) = b**3 - 5*b**2 - 4*b + 7. Let a be o(6). Let d(h) = a*h + 15*h + 14*h + 7 - 15*h. Is d(4) composite?
False
Let u = 39914 - 3261. Is u a prime number?
True
Suppose -3*d = -4*k + 2, -3 + 17 = 4*k + 3*d. Suppose -k*s + 5*f = -0*f - 1773, s - 897 = -f. Suppose s + 974 = 4*a. Is a prime?
True
Suppose 0 = -6*v + v - 5*w + 135945, 5*v - 2*w - 135959 = 0. Is v a prime number?
True
Let b = -41 + 39. Is b/3*35613/(-18) a composite number?
False
Let m = 4 + 6. Suppose -2*w - w + 94 = -2*k, 5*k = -m. Let c = w - -1. Is c a composite number?
False
Let k = -87 + 45. Let m be (-2 + -1)*(-1358)/k. Let s = m + 228. Is s a prime number?
True
Suppose 3*c - 31614 = -c - 5*s, 5*c = -2*s + 39509. Is c prime?
True
Suppose -2*a = a - 3. Is (-1 + 8/12)*(-668 - a) a prime number?
True
Suppose -3*m - 3*v + 196219 = 31906, 4*m - v - 219064 = 0. Is m prime?
True
Let d be (-2265)/(-3) + (1 - -3). Let v = d + -452. Is v composite?
False
Let l = -112 - -433. Let d = -116 + l. Let p = d - 122. Is p a composite number?
False
Suppose -2*z - b - 5 = 0, 0 = -2*b - 2 - 0. Is (-21522)/(-4) - 1/z prime?
True
Let x(y) = y + 12. Let t be x(-10). Suppose -5*q + 2177 = -3*d, -7*q - 5*d + 2145 = -t*q. Suppose -q - 406 = -z. Is z prime?
True
Suppose -26 = -2*h + 4*z, 4*h = -2*z + 6*z + 32. Suppose -5*k - u = 4*u + 30, 2*k - h*u = -7. Let s(y) = 14*y**2 - 5*y - 4. Is s(k) a prime number?
False
Let c(h) = -42*h + 5. Suppose 5*s - 14 = o, 0 = o + 5*s - 10 - 26. Let a = -17 + o. Is c(a) a prime number?
True
Suppose 5*j - 74 = -19. Suppose 2*c - 10 = -2*w, 5*w - 36 = -c - j. Suppose -2*b + c*q - 2*q + 1568 = 0, -b + 799 = -4*q. Is b a composite number?
False
Suppose 11*h - 32 = 7*h. Let b(i) = -h - 1 + 17 + 223*i. Is b(3) prime?
True
Let j(f) = -4*f**3 - 80*f**2 - 35*f - 21. Is j(-40) a prime number?
True
Let m = 315 - 101. Let n = 469 - m. Suppose n = 4*s - s. Is s prime?
False
Let y(w) = 2*w + 2437. Let d be y(0). Suppose 3*o = d + 